of 281187402?
2, 3, 439, 106753
List the prime factors of 53860209.
3, 13, 43, 32117
What are the prime factors of 176579800?
2, 5, 443, 1993
List the prime factors of 34217191.
79, 113, 3833
What are the prime factors of 25300098?
2, 3, 1405561
What are the prime factors of 179303248?
2, 11206453
List the prime factors of 124926068.
2, 73, 173, 2473
What are the prime factors of 88704710?
2, 5, 8870471
List the prime factors of 1940719508.
2, 7, 13, 19, 280613
What are the prime factors of 2592527464?
2, 324065933
What are the prime factors of 47988268?
2, 521, 23027
What are the prime factors of 1132729226?
2, 566364613
What are the prime factors of 186199023?
3, 61, 1017481
List the prime factors of 26862792.
2, 3, 11, 97, 1049
List the prime factors of 6567720.
2, 3, 5, 229, 239
What are the prime factors of 79675490?
2, 5, 71, 293, 383
List the prime factors of 134707976.
2, 13, 613, 2113
What are the prime factors of 371367974?
2, 185683987
What are the prime factors of 990172525?
5, 39606901
List the prime factors of 10431019.
19, 549001
List the prime factors of 79396748.
2, 43, 461609
List the prime factors of 1395312387.
3, 7, 31, 306191
List the prime factors of 58017686.
2, 29008843
What are the prime factors of 498592754?
2, 11, 22663307
List the prime factors of 599411789.
17, 79, 446323
List the prime factors of 37295585.
5, 199, 37483
What are the prime factors of 606295565?
5, 17, 2153, 3313
List the prime factors of 723170889.
3, 7, 1439, 2659
List the prime factors of 426212636.
2, 19, 83, 67567
List the prime factors of 5174918607.
3, 41, 2161, 19469
List the prime factors of 11502490.
2, 5, 1150249
List the prime factors of 2285582504.
2, 19, 15036727
What are the prime factors of 50230644?
2, 3, 53, 78979
What are the prime factors of 24549553?
7, 3507079
List the prime factors of 440835756.
2, 3, 23, 563, 2837
List the prime factors of 122276606.
2, 43, 73, 19477
List the prime factors of 1223248077.
3, 23, 5909411
List the prime factors of 96285586.
2, 17, 109, 25981
What are the prime factors of 79958722?
2, 311, 128551
What are the prime factors of 41979706?
2, 20989853
List the prime factors of 308376055.
5, 13, 4744247
What are the prime factors of 32738776?
2, 7, 584621
List the prime factors of 2083428303.
3, 11, 43, 101, 14537
List the prime factors of 54729306.
2, 3, 3040517
What are the prime factors of 262548212?
2, 3691, 17783
What are the prime factors of 157730397?
3, 11, 293, 1483
List the prime factors of 9617341.
151, 63691
List the prime factors of 2895177473.
2895177473
List the prime factors of 151053441.
3, 7, 11, 47, 13913
List the prime factors of 11558004.
2, 3, 19, 163, 311
What are the prime factors of 9199557917?
11, 23, 1847, 19687
What are the prime factors of 174934669?
7, 13, 641, 2999
What are the prime factors of 866362994?
2, 7, 29, 2133899
What are the prime factors of 46395171?
3, 229, 22511
What are the prime factors of 588681408?
2, 3, 7, 19, 23053
What are the prime factors of 123272034?
2, 3, 73, 431, 653
What are the prime factors of 164115136?
2, 53, 48383
What are the prime factors of 52007169?
3, 569, 30467
List the prime factors of 4097554788.
2, 3, 23, 37, 307, 1307
List the prime factors of 2443376868.
2, 3, 73, 233, 11971
List the prime factors of 2440344632.
2, 11, 491, 56479
What are the prime factors of 269488602?
2, 3, 193, 77573
List the prime factors of 24973114.
2, 71, 2477
What are the prime factors of 48151390?
2, 5, 7, 137, 5021
What are the prime factors of 154226248?
2, 11, 811, 2161
List the prime factors of 134055690.
2, 3, 5, 29, 154087
What are the prime factors of 2482118267?
457, 5431331
What are the prime factors of 914811267?
3, 304937089
List the prime factors of 63007806.
2, 3, 107, 98143
List the prime factors of 24741313.
24741313
What are the prime factors of 86698792?
2, 10837349
List the prime factors of 11468134.
2, 19, 301793
What are the prime factors of 30509111?
89, 342799
List the prime factors of 651951096.
2, 3, 569, 47741
What are the prime factors of 575124252?
2, 3, 97, 494093
What are the prime factors of 856909805?
5, 43, 59, 1571
What are the prime factors of 2010473259?
3, 20773, 32261
What are the prime factors of 252827079?
3, 84275693
List the prime factors of 160700714.
2, 31, 89, 29123
What are the prime factors of 284862208?
2, 769, 1447
What are the prime factors of 293435191?
7, 41919313
List the prime factors of 107965967.
227, 475621
List the prime factors of 60052328.
2, 7, 1072363
List the prime factors of 1462838663.
11, 13, 23, 444767
What are the prime factors of 1208204389?
7, 172600627
List the prime factors of 133386507.
3, 1646747
List the prime factors of 147492707.
173, 852559
What are the prime factors of 1427307187?
23017, 62011
What are the prime factors of 82816073?
1871, 44263
List the prime factors of 756235735.
5, 17, 8896891
What are the prime factors of 276357787?
2243, 123209
List the prime factors of 185394171.
3, 199, 443, 701
List the prime factors of 1813414985.
5, 907, 399871
What are the prime factors of 291637294?
2, 13, 11216819
List the prime factors of 467988797.
23, 20347339
List the prime factors of 625934407.
7, 17, 277, 1117
What are the prime factors of 717632765?
5, 163, 880531
List the prime factors of 225895620.
2, 3, 5, 1709, 2203
List the prime factors of 3677064947.
23, 29, 727, 7583
What are the prime factors of 1694815783?
7577, 223679
List the prime factors of 43613516.
2, 67, 109, 1493
What are the prime factors of 199224532?
2, 13, 109, 35149
What are the prime factors of 40242142?
2, 2161, 9311
List the prime factors of 373688849.
17, 31, 53, 787
List the prime factors of 55857000.
2, 3, 5, 43, 433
What are the prime factors of 169931975?
5, 103, 65993
What are the prime factors of 4336032666?
2, 3, 7, 131, 673, 1171
List the prime factors of 2535593175.
3, 5, 157, 179, 401
List the prime factors of 12042655.
5, 359, 6709
What are the prime factors of 1103705791?
1153, 957247
List the prime factors of 216061068.
2, 3, 43, 47, 59, 151
List the prime factors of 72384964.
2, 83, 263, 829
What are the prime factors of 1066658056?
2, 133332257
What are the prime factors of 141849304?
2, 31, 571973
What are the prime factors of 313311522?
2, 3, 52218587
What are the prime factors of 248237521?
7, 35462503
List the prime factors of 47119181.
89, 389, 1361
What are the prime factors of 520462463?
17, 337, 90847
What are the prime factors of 3515243160?
2, 3, 5, 11, 13, 127, 1613
List the prime factors of 683706804.
2, 3, 11, 5179597
List the prime factors of 150268917.
3, 47, 569, 1873
What are the prime factors of 398339611?
73, 5456707
What are the prime factors of 57559585?
5, 43, 267719
List the prime factors of 865720452.
2, 3, 59, 1222769
What are the prime factors of 4376716504?
2, 17, 32181739
What are the prime factors of 1177822023?
3, 7, 56086763
List the prime factors of 580241078.
2, 290120539
List the prime factors of 76301921.
76301921
List the prime factors of 17526546.
2, 3, 109, 8933
List the prime factors of 906076870.
2, 5, 29, 53, 167, 353
What are the prime factors of 1222480082?
2, 383, 1595927
List the prime factors of 436380357.
3, 7, 23, 903479
List the prime factors of 739143970.
2, 5, 73914397
List the prime factors of 11609830.
2, 5, 1160983
What are the prime factors of 22700627?
17, 1335331
What are the prime factors of 579659865?
3, 5, 38643991
List the prime factors of 94311412.
2, 13, 1813681
List the prime factors of 3435358023.
3, 19, 20089813
What are the prime factors of 7985171?
7985171
List the prime factors of 713747506.
2, 2467, 144659
List the prime factors of 1139245263.
3, 13, 19, 170827
What are the prime factors of 118266439?
118266439
What are the prime factors of 2263135432?
2, 89, 809, 3929
What are the prime factors of 1509445865?
5, 457, 660589
List the prime factors of 242159549.
3467, 69847
List the prime factors of 4089437.
11, 33797
List the prime factors of 2761123887.
3, 3889, 78887
List the prime factors of 12057727.
11, 23, 47659
List the prime factors of 63592942.
2, 7, 389, 11677
What are the prime factors of 961616295?
3, 5, 4451, 4801
List the prime factors of 44750967.
3, 41, 363829
List the prime factors of 742928